{"id":789,"date":"2026-04-08T13:49:39","date_gmt":"2026-04-08T13:49:39","guid":{"rendered":"https:\/\/k2kgame.com\/?post_type=product&#038;p=789"},"modified":"2026-04-08T13:50:57","modified_gmt":"2026-04-08T13:50:57","slug":"advanced-banking-system-custom","status":"publish","type":"product","link":"https:\/\/k2kgame.com\/index.php\/produs\/advanced-banking-system-custom\/","title":{"rendered":"Advanced Banking System \u2013 Custom"},"content":{"rendered":"<h2 data-section-id=\"1gl8k0x\" data-start=\"59\" data-end=\"95\">\ud83d\udcb3 Sistem Banking Premium \u2013 FiveM<\/h2>\n<p data-start=\"97\" data-end=\"296\">Un sistem de banking premium, creat special pentru serverele FiveM, disponibil pe <strong data-start=\"179\" data-end=\"194\">k2kgame.com<\/strong> \ud83d\ude80<br data-start=\"197\" data-end=\"200\" \/>Ofer\u0103 control complet asupra finan\u021belor din joc printr-un UI modern, elegant \u0219i u\u0219or de folosit.<\/p>\n<p data-start=\"298\" data-end=\"587\">\ud83d\udcbc Gestioneaz\u0103-\u021bi contul bancar rapid \u0219i eficient<br data-start=\"347\" data-end=\"350\" \/>\ud83d\udcb8 Depune \u0219i retrage bani instant<br data-start=\"383\" data-end=\"386\" \/>\ud83d\udd04 Transfer\u0103 fonduri \u00eentre juc\u0103tori f\u0103r\u0103 stres<br data-start=\"432\" data-end=\"435\" \/>\ud83d\udcca Vezi statistici \u00een timp real<br data-start=\"466\" data-end=\"469\" \/>\ud83e\uddfe Istoric complet al tranzac\u021biilor<br data-start=\"504\" data-end=\"507\" \/>\ud83d\udcb3 Card bancar virtual integrat<br data-start=\"538\" data-end=\"541\" \/>\ud83d\udcc8 Sistem avansat de tracking al activit\u0103\u021bii<\/p>\n<p data-start=\"589\" data-end=\"702\">Totul este optimizat pentru performan\u021b\u0103 maxim\u0103 \u26a1 \u0219i realism ridicat, oferind o experien\u021b\u0103 fluid\u0103 \u0219i profesional\u0103.<\/p>\n<p data-start=\"704\" data-end=\"821\">\u2728 Perfect pentru servere roleplay care vor s\u0103 ofere juc\u0103torilor un sistem bancar de top, modern \u0219i bine pus la punct.<\/p>\n","protected":false},"excerpt":{"rendered":"<p>\ud83d\udcb3 Sistem Banking Premium \u2013 FiveM Un sistem de banking premium, creat special pentru serverele FiveM, disponibil pe k2kgame.com \ud83d\ude80Ofer\u0103 control complet asupra finan\u021belor din joc printr-un UI modern, elegant \u0219i u\u0219or de folosit. \ud83d\udcbc Gestioneaz\u0103-\u021bi contul bancar rapid \u0219i eficient\ud83d\udcb8 Depune \u0219i retrage bani instant\ud83d\udd04 Transfer\u0103 fonduri \u00eentre juc\u0103tori f\u0103r\u0103 stres\ud83d\udcca Vezi statistici \u00een [&hellip;]<\/p>\n","protected":false},"featured_media":790,"comment_status":"open","ping_status":"closed","template":"","meta":[],"product_brand":[],"product_cat":[15],"product_tag":[],"class_list":{"0":"post-789","1":"product","2":"type-product","3":"status-publish","4":"has-post-thumbnail","6":"product_cat-servere-fivem","8":"first","9":"instock","10":"sale","11":"shipping-taxable","12":"purchasable","13":"product-type-simple"},"yoast_head":"<!-- This site is optimized with the Yoast SEO plugin v25.5 - https:\/\/yoast.com\/wordpress\/plugins\/seo\/ -->\n<title>Advanced Banking System \u2013 Custom - K2KGAME<\/title>\n<meta name=\"robots\" content=\"index, follow, max-snippet:-1, max-image-preview:large, max-video-preview:-1\" \/>\n<link rel=\"canonical\" href=\"https:\/\/k2kgame.com\/index.php\/produs\/advanced-banking-system-custom\/\" \/>\n<meta property=\"og:locale\" content=\"ro_RO\" \/>\n<meta property=\"og:type\" content=\"article\" \/>\n<meta property=\"og:title\" content=\"Advanced Banking System \u2013 Custom - K2KGAME\" \/>\n<meta property=\"og:description\" content=\"\ud83d\udcb3 Sistem Banking Premium \u2013 FiveM Un sistem de banking premium, creat special pentru serverele FiveM, disponibil pe k2kgame.com \ud83d\ude80Ofer\u0103 control complet asupra finan\u021belor din joc printr-un UI modern, elegant \u0219i u\u0219or de folosit. \ud83d\udcbc Gestioneaz\u0103-\u021bi contul bancar rapid \u0219i eficient\ud83d\udcb8 Depune \u0219i retrage bani instant\ud83d\udd04 Transfer\u0103 fonduri \u00eentre juc\u0103tori f\u0103r\u0103 stres\ud83d\udcca Vezi statistici \u00een [&hellip;]\" \/>\n<meta property=\"og:url\" content=\"https:\/\/k2kgame.com\/index.php\/produs\/advanced-banking-system-custom\/\" \/>\n<meta property=\"og:site_name\" content=\"K2KGAME\" \/>\n<meta property=\"article:modified_time\" content=\"2026-04-08T13:50:57+00:00\" \/>\n<meta property=\"og:image\" content=\"https:\/\/k2kgame.com\/wp-content\/uploads\/2026\/04\/f0026f77-17cd-4961-9924-7ba8745abd7b.png\" \/>\n\t<meta property=\"og:image:width\" content=\"1293\" \/>\n\t<meta property=\"og:image:height\" content=\"804\" \/>\n\t<meta property=\"og:image:type\" content=\"image\/png\" \/>\n<meta name=\"twitter:card\" content=\"summary_large_image\" \/>\n<meta name=\"twitter:label1\" content=\"Timp estimat pentru citire\" \/>\n\t<meta name=\"twitter:data1\" content=\"1 minut\" \/>\n<script type=\"application\/ld+json\" class=\"yoast-schema-graph\">{\"@context\":\"https:\/\/schema.org\",\"@graph\":[{\"@type\":\"WebPage\",\"@id\":\"https:\/\/k2kgame.com\/index.php\/produs\/advanced-banking-system-custom\/\",\"url\":\"https:\/\/k2kgame.com\/index.php\/produs\/advanced-banking-system-custom\/\",\"name\":\"Advanced Banking System \u2013 Custom - K2KGAME\",\"isPartOf\":{\"@id\":\"https:\/\/k2kgame.com\/#website\"},\"primaryImageOfPage\":{\"@id\":\"https:\/\/k2kgame.com\/index.php\/produs\/advanced-banking-system-custom\/#primaryimage\"},\"image\":{\"@id\":\"https:\/\/k2kgame.com\/index.php\/produs\/advanced-banking-system-custom\/#primaryimage\"},\"thumbnailUrl\":\"https:\/\/k2kgame.com\/wp-content\/uploads\/2026\/04\/f0026f77-17cd-4961-9924-7ba8745abd7b.png\",\"datePublished\":\"2026-04-08T13:49:39+00:00\",\"dateModified\":\"2026-04-08T13:50:57+00:00\",\"breadcrumb\":{\"@id\":\"https:\/\/k2kgame.com\/index.php\/produs\/advanced-banking-system-custom\/#breadcrumb\"},\"inLanguage\":\"ro-RO\",\"potentialAction\":[{\"@type\":\"ReadAction\",\"target\":[\"https:\/\/k2kgame.com\/index.php\/produs\/advanced-banking-system-custom\/\"]}]},{\"@type\":\"ImageObject\",\"inLanguage\":\"ro-RO\",\"@id\":\"https:\/\/k2kgame.com\/index.php\/produs\/advanced-banking-system-custom\/#primaryimage\",\"url\":\"https:\/\/k2kgame.com\/wp-content\/uploads\/2026\/04\/f0026f77-17cd-4961-9924-7ba8745abd7b.png\",\"contentUrl\":\"https:\/\/k2kgame.com\/wp-content\/uploads\/2026\/04\/f0026f77-17cd-4961-9924-7ba8745abd7b.png\",\"width\":1293,\"height\":804},{\"@type\":\"BreadcrumbList\",\"@id\":\"https:\/\/k2kgame.com\/index.php\/produs\/advanced-banking-system-custom\/#breadcrumb\",\"itemListElement\":[{\"@type\":\"ListItem\",\"position\":1,\"name\":\"Prima pagin\u0103\",\"item\":\"https:\/\/k2kgame.com\/\"},{\"@type\":\"ListItem\",\"position\":2,\"name\":\"Magazin\",\"item\":\"https:\/\/k2kgame.com\/\"},{\"@type\":\"ListItem\",\"position\":3,\"name\":\"Advanced Banking System \u2013 Custom\"}]},{\"@type\":\"WebSite\",\"@id\":\"https:\/\/k2kgame.com\/#website\",\"url\":\"https:\/\/k2kgame.com\/\",\"name\":\"K2KGAME\",\"description\":\"SERVERE SI JOCURI IEFTINE\",\"publisher\":{\"@id\":\"https:\/\/k2kgame.com\/#organization\"},\"potentialAction\":[{\"@type\":\"SearchAction\",\"target\":{\"@type\":\"EntryPoint\",\"urlTemplate\":\"https:\/\/k2kgame.com\/?s={search_term_string}\"},\"query-input\":{\"@type\":\"PropertyValueSpecification\",\"valueRequired\":true,\"valueName\":\"search_term_string\"}}],\"inLanguage\":\"ro-RO\"},{\"@type\":\"Organization\",\"@id\":\"https:\/\/k2kgame.com\/#organization\",\"name\":\"K2KGAME\",\"url\":\"https:\/\/k2kgame.com\/\",\"logo\":{\"@type\":\"ImageObject\",\"inLanguage\":\"ro-RO\",\"@id\":\"https:\/\/k2kgame.com\/#\/schema\/logo\/image\/\",\"url\":\"https:\/\/k2kgame.com\/wp-content\/uploads\/2025\/05\/FiveM-Symbol-scaled.png\",\"contentUrl\":\"https:\/\/k2kgame.com\/wp-content\/uploads\/2025\/05\/FiveM-Symbol-scaled.png\",\"width\":2560,\"height\":1440,\"caption\":\"K2KGAME\"},\"image\":{\"@id\":\"https:\/\/k2kgame.com\/#\/schema\/logo\/image\/\"}}]}<\/script>\n<!-- \/ Yoast SEO plugin. -->","yoast_head_json":{"title":"Advanced Banking System \u2013 Custom - K2KGAME","robots":{"index":"index","follow":"follow","max-snippet":"max-snippet:-1","max-image-preview":"max-image-preview:large","max-video-preview":"max-video-preview:-1"},"canonical":"https:\/\/k2kgame.com\/index.php\/produs\/advanced-banking-system-custom\/","og_locale":"ro_RO","og_type":"article","og_title":"Advanced Banking System \u2013 Custom - K2KGAME","og_description":"\ud83d\udcb3 Sistem Banking Premium \u2013 FiveM Un sistem de banking premium, creat special pentru serverele FiveM, disponibil pe k2kgame.com \ud83d\ude80Ofer\u0103 control complet asupra finan\u021belor din joc printr-un UI modern, elegant \u0219i u\u0219or de folosit. \ud83d\udcbc Gestioneaz\u0103-\u021bi contul bancar rapid \u0219i eficient\ud83d\udcb8 Depune \u0219i retrage bani instant\ud83d\udd04 Transfer\u0103 fonduri \u00eentre juc\u0103tori f\u0103r\u0103 stres\ud83d\udcca Vezi statistici \u00een [&hellip;]","og_url":"https:\/\/k2kgame.com\/index.php\/produs\/advanced-banking-system-custom\/","og_site_name":"K2KGAME","article_modified_time":"2026-04-08T13:50:57+00:00","og_image":[{"width":1293,"height":804,"url":"https:\/\/k2kgame.com\/wp-content\/uploads\/2026\/04\/f0026f77-17cd-4961-9924-7ba8745abd7b.png","type":"image\/png"}],"twitter_card":"summary_large_image","twitter_misc":{"Timp estimat pentru citire":"1 minut"},"schema":{"@context":"https:\/\/schema.org","@graph":[{"@type":"WebPage","@id":"https:\/\/k2kgame.com\/index.php\/produs\/advanced-banking-system-custom\/","url":"https:\/\/k2kgame.com\/index.php\/produs\/advanced-banking-system-custom\/","name":"Advanced Banking System \u2013 Custom - K2KGAME","isPartOf":{"@id":"https:\/\/k2kgame.com\/#website"},"primaryImageOfPage":{"@id":"https:\/\/k2kgame.com\/index.php\/produs\/advanced-banking-system-custom\/#primaryimage"},"image":{"@id":"https:\/\/k2kgame.com\/index.php\/produs\/advanced-banking-system-custom\/#primaryimage"},"thumbnailUrl":"https:\/\/k2kgame.com\/wp-content\/uploads\/2026\/04\/f0026f77-17cd-4961-9924-7ba8745abd7b.png","datePublished":"2026-04-08T13:49:39+00:00","dateModified":"2026-04-08T13:50:57+00:00","breadcrumb":{"@id":"https:\/\/k2kgame.com\/index.php\/produs\/advanced-banking-system-custom\/#breadcrumb"},"inLanguage":"ro-RO","potentialAction":[{"@type":"ReadAction","target":["https:\/\/k2kgame.com\/index.php\/produs\/advanced-banking-system-custom\/"]}]},{"@type":"ImageObject","inLanguage":"ro-RO","@id":"https:\/\/k2kgame.com\/index.php\/produs\/advanced-banking-system-custom\/#primaryimage","url":"https:\/\/k2kgame.com\/wp-content\/uploads\/2026\/04\/f0026f77-17cd-4961-9924-7ba8745abd7b.png","contentUrl":"https:\/\/k2kgame.com\/wp-content\/uploads\/2026\/04\/f0026f77-17cd-4961-9924-7ba8745abd7b.png","width":1293,"height":804},{"@type":"BreadcrumbList","@id":"https:\/\/k2kgame.com\/index.php\/produs\/advanced-banking-system-custom\/#breadcrumb","itemListElement":[{"@type":"ListItem","position":1,"name":"Prima pagin\u0103","item":"https:\/\/k2kgame.com\/"},{"@type":"ListItem","position":2,"name":"Magazin","item":"https:\/\/k2kgame.com\/"},{"@type":"ListItem","position":3,"name":"Advanced Banking System \u2013 Custom"}]},{"@type":"WebSite","@id":"https:\/\/k2kgame.com\/#website","url":"https:\/\/k2kgame.com\/","name":"K2KGAME","description":"SERVERE SI JOCURI IEFTINE","publisher":{"@id":"https:\/\/k2kgame.com\/#organization"},"potentialAction":[{"@type":"SearchAction","target":{"@type":"EntryPoint","urlTemplate":"https:\/\/k2kgame.com\/?s={search_term_string}"},"query-input":{"@type":"PropertyValueSpecification","valueRequired":true,"valueName":"search_term_string"}}],"inLanguage":"ro-RO"},{"@type":"Organization","@id":"https:\/\/k2kgame.com\/#organization","name":"K2KGAME","url":"https:\/\/k2kgame.com\/","logo":{"@type":"ImageObject","inLanguage":"ro-RO","@id":"https:\/\/k2kgame.com\/#\/schema\/logo\/image\/","url":"https:\/\/k2kgame.com\/wp-content\/uploads\/2025\/05\/FiveM-Symbol-scaled.png","contentUrl":"https:\/\/k2kgame.com\/wp-content\/uploads\/2025\/05\/FiveM-Symbol-scaled.png","width":2560,"height":1440,"caption":"K2KGAME"},"image":{"@id":"https:\/\/k2kgame.com\/#\/schema\/logo\/image\/"}}]}},"jetpack_sharing_enabled":true,"_links":{"self":[{"href":"https:\/\/k2kgame.com\/index.php\/wp-json\/wp\/v2\/product\/789","targetHints":{"allow":["GET"]}}],"collection":[{"href":"https:\/\/k2kgame.com\/index.php\/wp-json\/wp\/v2\/product"}],"about":[{"href":"https:\/\/k2kgame.com\/index.php\/wp-json\/wp\/v2\/types\/product"}],"replies":[{"embeddable":true,"href":"https:\/\/k2kgame.com\/index.php\/wp-json\/wp\/v2\/comments?post=789"}],"wp:featuredmedia":[{"embeddable":true,"href":"https:\/\/k2kgame.com\/index.php\/wp-json\/wp\/v2\/media\/790"}],"wp:attachment":[{"href":"https:\/\/k2kgame.com\/index.php\/wp-json\/wp\/v2\/media?parent=789"}],"wp:term":[{"taxonomy":"product_brand","embeddable":true,"href":"https:\/\/k2kgame.com\/index.php\/wp-json\/wp\/v2\/product_brand?post=789"},{"taxonomy":"product_cat","embeddable":true,"href":"https:\/\/k2kgame.com\/index.php\/wp-json\/wp\/v2\/product_cat?post=789"},{"taxonomy":"product_tag","embeddable":true,"href":"https:\/\/k2kgame.com\/index.php\/wp-json\/wp\/v2\/product_tag?post=789"}],"curies":[{"name":"wp","href":"https:\/\/api.w.org\/{rel}","templated":true}]}}