{"id":655,"date":"2025-09-27T15:53:44","date_gmt":"2025-09-27T15:53:44","guid":{"rendered":"https:\/\/k2kgame.com\/?post_type=product&#038;p=655"},"modified":"2026-04-08T14:07:18","modified_gmt":"2026-04-08T14:07:18","slug":"script-job-sofer-de-autobuz-esx","status":"publish","type":"product","link":"https:\/\/k2kgame.com\/index.php\/produs\/script-job-sofer-de-autobuz-esx\/","title":{"rendered":"Script Job: \u0218ofer de Autobuz (ESX)"},"content":{"rendered":"<p data-start=\"96\" data-end=\"256\">Acest pachet ofer\u0103 un <em data-start=\"118\" data-end=\"136\">script optimizat<\/em> pentru rolul de <strong data-start=\"153\" data-end=\"173\">\u0219ofer de autobuz<\/strong> \u00een frameworkul ESX, destinat serverelor FiveM.<br data-start=\"220\" data-end=\"223\" \/>Iat\u0103 principalele caracteristici:<\/p>\n<ul data-start=\"258\" data-end=\"693\">\n<li data-start=\"258\" data-end=\"305\">\n<p data-start=\"260\" data-end=\"305\">Cod <strong data-start=\"264\" data-end=\"275\">deschis<\/strong> \u2014 po\u021bi modifica dup\u0103 nevoie<\/p>\n<\/li>\n<li data-start=\"306\" data-end=\"349\">\n<p data-start=\"308\" data-end=\"349\">F\u0103r\u0103 IP-lock \u2014 flexibil \u00een implementare<\/p>\n<\/li>\n<li data-start=\"350\" data-end=\"463\">\n<p data-start=\"352\" data-end=\"463\">Consum minim de resurse (\u00een idle ~0.01 ms, \u00een timpul lucrului ~0.03 ms) <span class=\"\" data-state=\"closed\"><span class=\"ms-1 inline-flex max-w-full items-center relative top-[-0.094rem] animate-[show_150ms_ease-in]\" data-testid=\"webpage-citation-pill\"><a class=\"flex h-4.5 overflow-hidden rounded-xl px-2 text-[9px] font-medium transition-colors duration-150 ease-in-out text-token-text-secondary! bg-[#F4F4F4]! dark:bg-[#303030]!\" href=\"https:\/\/inside-scripts.tebex.io\/package\/5080001\" target=\"_blank\" rel=\"noopener\"><span class=\"relative start-0 bottom-0 flex h-full w-full items-center\"><span class=\"flex h-4 w-full items-center justify-between overflow-hidden\"><span class=\"max-w-[15ch] grow truncate overflow-hidden text-center\">inside-scripts.tebex.io<\/span><\/span><\/span><\/a><\/span><\/span><\/p>\n<\/li>\n<li data-start=\"464\" data-end=\"576\">\n<p data-start=\"466\" data-end=\"493\">Configurabil \u2014 po\u021bi ajusta:<\/p>\n<ul data-start=\"496\" data-end=\"576\">\n<li data-start=\"496\" data-end=\"523\">\n<p data-start=\"498\" data-end=\"523\">plata pentru activitate<\/p>\n<\/li>\n<li data-start=\"526\" data-end=\"552\">\n<p data-start=\"528\" data-end=\"552\">loca\u021biile (coordonate)<\/p>\n<\/li>\n<li data-start=\"555\" data-end=\"576\">\n<p data-start=\"557\" data-end=\"576\">uniforma de lucru<\/p>\n<\/li>\n<\/ul>\n<\/li>\n<li data-start=\"577\" data-end=\"693\">\n<p data-start=\"579\" data-end=\"693\">Dependen\u021be: mythic_notify, rprogress (dar po\u021bi folosi alternative proprii) <span class=\"\" data-state=\"closed\"><span class=\"ms-1 inline-flex max-w-full items-center relative top-[-0.094rem] animate-[show_150ms_ease-in]\" data-testid=\"webpage-citation-pill\"><span class=\"relative start-0 bottom-0 flex h-full w-full items-center\"><span class=\"flex h-4 w-full items-center justify-between overflow-hidden\"><span class=\"max-w-[15ch] grow truncate overflow-hidden text-center\">inside-scripts.tebex.io<\/span><\/span><\/span><\/span><\/span><\/p>\n<\/li>\n<\/ul>\n<p data-start=\"695\" data-end=\"813\">Este ideal pentru administratori de servere GTA-RP care doresc un job poli\u021bionat, fiabil \u0219i u\u0219or de integrat \u00een ESX.<\/p>\n<p>\ud83d\udcfa <strong data-start=\"943\" data-end=\"975\">Vezi prezentarea pe YouTube:<\/strong> <a class=\"decorated-link cursor-pointer\" href=\"https:\/\/www.youtube.com\/watch?v=X4kJUmsCmNo\" rel=\"noopener\" data-start=\"976\" data-end=\"1018\">\ud83d\udc49 LINK_C\u0102TRE_VIDEO<\/a><\/p>\n","protected":false},"excerpt":{"rendered":"<p>Acest pachet ofer\u0103 un script optimizat pentru rolul de \u0219ofer de autobuz \u00een frameworkul ESX, destinat serverelor FiveM.Iat\u0103 principalele caracteristici: Cod deschis \u2014 po\u021bi modifica dup\u0103 nevoie F\u0103r\u0103 IP-lock \u2014 flexibil \u00een implementare Consum minim de resurse (\u00een idle ~0.01 ms, \u00een timpul lucrului ~0.03 ms) inside-scripts.tebex.io Configurabil \u2014 po\u021bi ajusta: plata pentru activitate loca\u021biile [&hellip;]<\/p>\n","protected":false},"featured_media":656,"comment_status":"open","ping_status":"closed","template":"","meta":[],"product_brand":[],"product_cat":[15],"product_tag":[119,41,121,122,120],"class_list":{"0":"post-655","1":"product","2":"type-product","3":"status-publish","4":"has-post-thumbnail","6":"product_cat-servere-fivem","7":"product_tag-esx","8":"product_tag-fivem","9":"product_tag-job","10":"product_tag-joburi","11":"product_tag-script","13":"first","14":"instock","15":"sale","16":"shipping-taxable","17":"purchasable","18":"product-type-simple"},"yoast_head":"<!-- This site is optimized with the Yoast SEO plugin v25.5 - https:\/\/yoast.com\/wordpress\/plugins\/seo\/ -->\n<title>Script Job: \u0218ofer de Autobuz (ESX) - K2KGAME<\/title>\n<meta name=\"robots\" content=\"index, follow, max-snippet:-1, max-image-preview:large, max-video-preview:-1\" \/>\n<link rel=\"canonical\" href=\"https:\/\/k2kgame.com\/index.php\/produs\/script-job-sofer-de-autobuz-esx\/\" \/>\n<meta property=\"og:locale\" content=\"ro_RO\" \/>\n<meta property=\"og:type\" content=\"article\" \/>\n<meta property=\"og:title\" content=\"Script Job: \u0218ofer de Autobuz (ESX) - K2KGAME\" \/>\n<meta property=\"og:description\" content=\"Acest pachet ofer\u0103 un script optimizat pentru rolul de \u0219ofer de autobuz \u00een frameworkul ESX, destinat serverelor FiveM.Iat\u0103 principalele caracteristici: Cod deschis \u2014 po\u021bi modifica dup\u0103 nevoie F\u0103r\u0103 IP-lock \u2014 flexibil \u00een implementare Consum minim de resurse (\u00een idle ~0.01 ms, \u00een timpul lucrului ~0.03 ms) inside-scripts.tebex.io Configurabil \u2014 po\u021bi ajusta: plata pentru activitate loca\u021biile [&hellip;]\" \/>\n<meta property=\"og:url\" content=\"https:\/\/k2kgame.com\/index.php\/produs\/script-job-sofer-de-autobuz-esx\/\" \/>\n<meta property=\"og:site_name\" content=\"K2KGAME\" \/>\n<meta property=\"article:modified_time\" content=\"2026-04-08T14:07:18+00:00\" \/>\n<meta property=\"og:image\" content=\"https:\/\/k2kgame.com\/wp-content\/uploads\/2025\/09\/mqdefault.jpg\" \/>\n\t<meta property=\"og:image:width\" content=\"320\" \/>\n\t<meta property=\"og:image:height\" content=\"180\" \/>\n\t<meta property=\"og:image:type\" content=\"image\/jpeg\" \/>\n<meta name=\"twitter:card\" content=\"summary_large_image\" \/>\n<meta name=\"twitter:label1\" content=\"Timp estimat pentru citire\" \/>\n\t<meta name=\"twitter:data1\" content=\"1 minut\" \/>\n<script type=\"application\/ld+json\" class=\"yoast-schema-graph\">{\"@context\":\"https:\/\/schema.org\",\"@graph\":[{\"@type\":\"WebPage\",\"@id\":\"https:\/\/k2kgame.com\/index.php\/produs\/script-job-sofer-de-autobuz-esx\/\",\"url\":\"https:\/\/k2kgame.com\/index.php\/produs\/script-job-sofer-de-autobuz-esx\/\",\"name\":\"Script Job: \u0218ofer de Autobuz (ESX) - K2KGAME\",\"isPartOf\":{\"@id\":\"https:\/\/k2kgame.com\/#website\"},\"primaryImageOfPage\":{\"@id\":\"https:\/\/k2kgame.com\/index.php\/produs\/script-job-sofer-de-autobuz-esx\/#primaryimage\"},\"image\":{\"@id\":\"https:\/\/k2kgame.com\/index.php\/produs\/script-job-sofer-de-autobuz-esx\/#primaryimage\"},\"thumbnailUrl\":\"https:\/\/k2kgame.com\/wp-content\/uploads\/2025\/09\/mqdefault.jpg\",\"datePublished\":\"2025-09-27T15:53:44+00:00\",\"dateModified\":\"2026-04-08T14:07:18+00:00\",\"breadcrumb\":{\"@id\":\"https:\/\/k2kgame.com\/index.php\/produs\/script-job-sofer-de-autobuz-esx\/#breadcrumb\"},\"inLanguage\":\"ro-RO\",\"potentialAction\":[{\"@type\":\"ReadAction\",\"target\":[\"https:\/\/k2kgame.com\/index.php\/produs\/script-job-sofer-de-autobuz-esx\/\"]}]},{\"@type\":\"ImageObject\",\"inLanguage\":\"ro-RO\",\"@id\":\"https:\/\/k2kgame.com\/index.php\/produs\/script-job-sofer-de-autobuz-esx\/#primaryimage\",\"url\":\"https:\/\/k2kgame.com\/wp-content\/uploads\/2025\/09\/mqdefault.jpg\",\"contentUrl\":\"https:\/\/k2kgame.com\/wp-content\/uploads\/2025\/09\/mqdefault.jpg\",\"width\":320,\"height\":180},{\"@type\":\"BreadcrumbList\",\"@id\":\"https:\/\/k2kgame.com\/index.php\/produs\/script-job-sofer-de-autobuz-esx\/#breadcrumb\",\"itemListElement\":[{\"@type\":\"ListItem\",\"position\":1,\"name\":\"Prima pagin\u0103\",\"item\":\"https:\/\/k2kgame.com\/\"},{\"@type\":\"ListItem\",\"position\":2,\"name\":\"Magazin\",\"item\":\"https:\/\/k2kgame.com\/\"},{\"@type\":\"ListItem\",\"position\":3,\"name\":\"Script Job: \u0218ofer de Autobuz (ESX)\"}]},{\"@type\":\"WebSite\",\"@id\":\"https:\/\/k2kgame.com\/#website\",\"url\":\"https:\/\/k2kgame.com\/\",\"name\":\"K2KGAME\",\"description\":\"SERVERE SI JOCURI IEFTINE\",\"publisher\":{\"@id\":\"https:\/\/k2kgame.com\/#organization\"},\"potentialAction\":[{\"@type\":\"SearchAction\",\"target\":{\"@type\":\"EntryPoint\",\"urlTemplate\":\"https:\/\/k2kgame.com\/?s={search_term_string}\"},\"query-input\":{\"@type\":\"PropertyValueSpecification\",\"valueRequired\":true,\"valueName\":\"search_term_string\"}}],\"inLanguage\":\"ro-RO\"},{\"@type\":\"Organization\",\"@id\":\"https:\/\/k2kgame.com\/#organization\",\"name\":\"K2KGAME\",\"url\":\"https:\/\/k2kgame.com\/\",\"logo\":{\"@type\":\"ImageObject\",\"inLanguage\":\"ro-RO\",\"@id\":\"https:\/\/k2kgame.com\/#\/schema\/logo\/image\/\",\"url\":\"https:\/\/k2kgame.com\/wp-content\/uploads\/2025\/05\/FiveM-Symbol-scaled.png\",\"contentUrl\":\"https:\/\/k2kgame.com\/wp-content\/uploads\/2025\/05\/FiveM-Symbol-scaled.png\",\"width\":2560,\"height\":1440,\"caption\":\"K2KGAME\"},\"image\":{\"@id\":\"https:\/\/k2kgame.com\/#\/schema\/logo\/image\/\"}}]}<\/script>\n<!-- \/ Yoast SEO plugin. -->","yoast_head_json":{"title":"Script Job: \u0218ofer de Autobuz (ESX) - K2KGAME","robots":{"index":"index","follow":"follow","max-snippet":"max-snippet:-1","max-image-preview":"max-image-preview:large","max-video-preview":"max-video-preview:-1"},"canonical":"https:\/\/k2kgame.com\/index.php\/produs\/script-job-sofer-de-autobuz-esx\/","og_locale":"ro_RO","og_type":"article","og_title":"Script Job: \u0218ofer de Autobuz (ESX) - K2KGAME","og_description":"Acest pachet ofer\u0103 un script optimizat pentru rolul de \u0219ofer de autobuz \u00een frameworkul ESX, destinat serverelor FiveM.Iat\u0103 principalele caracteristici: Cod deschis \u2014 po\u021bi modifica dup\u0103 nevoie F\u0103r\u0103 IP-lock \u2014 flexibil \u00een implementare Consum minim de resurse (\u00een idle ~0.01 ms, \u00een timpul lucrului ~0.03 ms) inside-scripts.tebex.io Configurabil \u2014 po\u021bi ajusta: plata pentru activitate loca\u021biile [&hellip;]","og_url":"https:\/\/k2kgame.com\/index.php\/produs\/script-job-sofer-de-autobuz-esx\/","og_site_name":"K2KGAME","article_modified_time":"2026-04-08T14:07:18+00:00","og_image":[{"width":320,"height":180,"url":"https:\/\/k2kgame.com\/wp-content\/uploads\/2025\/09\/mqdefault.jpg","type":"image\/jpeg"}],"twitter_card":"summary_large_image","twitter_misc":{"Timp estimat pentru citire":"1 minut"},"schema":{"@context":"https:\/\/schema.org","@graph":[{"@type":"WebPage","@id":"https:\/\/k2kgame.com\/index.php\/produs\/script-job-sofer-de-autobuz-esx\/","url":"https:\/\/k2kgame.com\/index.php\/produs\/script-job-sofer-de-autobuz-esx\/","name":"Script Job: \u0218ofer de Autobuz (ESX) - K2KGAME","isPartOf":{"@id":"https:\/\/k2kgame.com\/#website"},"primaryImageOfPage":{"@id":"https:\/\/k2kgame.com\/index.php\/produs\/script-job-sofer-de-autobuz-esx\/#primaryimage"},"image":{"@id":"https:\/\/k2kgame.com\/index.php\/produs\/script-job-sofer-de-autobuz-esx\/#primaryimage"},"thumbnailUrl":"https:\/\/k2kgame.com\/wp-content\/uploads\/2025\/09\/mqdefault.jpg","datePublished":"2025-09-27T15:53:44+00:00","dateModified":"2026-04-08T14:07:18+00:00","breadcrumb":{"@id":"https:\/\/k2kgame.com\/index.php\/produs\/script-job-sofer-de-autobuz-esx\/#breadcrumb"},"inLanguage":"ro-RO","potentialAction":[{"@type":"ReadAction","target":["https:\/\/k2kgame.com\/index.php\/produs\/script-job-sofer-de-autobuz-esx\/"]}]},{"@type":"ImageObject","inLanguage":"ro-RO","@id":"https:\/\/k2kgame.com\/index.php\/produs\/script-job-sofer-de-autobuz-esx\/#primaryimage","url":"https:\/\/k2kgame.com\/wp-content\/uploads\/2025\/09\/mqdefault.jpg","contentUrl":"https:\/\/k2kgame.com\/wp-content\/uploads\/2025\/09\/mqdefault.jpg","width":320,"height":180},{"@type":"BreadcrumbList","@id":"https:\/\/k2kgame.com\/index.php\/produs\/script-job-sofer-de-autobuz-esx\/#breadcrumb","itemListElement":[{"@type":"ListItem","position":1,"name":"Prima pagin\u0103","item":"https:\/\/k2kgame.com\/"},{"@type":"ListItem","position":2,"name":"Magazin","item":"https:\/\/k2kgame.com\/"},{"@type":"ListItem","position":3,"name":"Script Job: \u0218ofer de Autobuz (ESX)"}]},{"@type":"WebSite","@id":"https:\/\/k2kgame.com\/#website","url":"https:\/\/k2kgame.com\/","name":"K2KGAME","description":"SERVERE SI JOCURI IEFTINE","publisher":{"@id":"https:\/\/k2kgame.com\/#organization"},"potentialAction":[{"@type":"SearchAction","target":{"@type":"EntryPoint","urlTemplate":"https:\/\/k2kgame.com\/?s={search_term_string}"},"query-input":{"@type":"PropertyValueSpecification","valueRequired":true,"valueName":"search_term_string"}}],"inLanguage":"ro-RO"},{"@type":"Organization","@id":"https:\/\/k2kgame.com\/#organization","name":"K2KGAME","url":"https:\/\/k2kgame.com\/","logo":{"@type":"ImageObject","inLanguage":"ro-RO","@id":"https:\/\/k2kgame.com\/#\/schema\/logo\/image\/","url":"https:\/\/k2kgame.com\/wp-content\/uploads\/2025\/05\/FiveM-Symbol-scaled.png","contentUrl":"https:\/\/k2kgame.com\/wp-content\/uploads\/2025\/05\/FiveM-Symbol-scaled.png","width":2560,"height":1440,"caption":"K2KGAME"},"image":{"@id":"https:\/\/k2kgame.com\/#\/schema\/logo\/image\/"}}]}},"jetpack_sharing_enabled":true,"_links":{"self":[{"href":"https:\/\/k2kgame.com\/index.php\/wp-json\/wp\/v2\/product\/655","targetHints":{"allow":["GET"]}}],"collection":[{"href":"https:\/\/k2kgame.com\/index.php\/wp-json\/wp\/v2\/product"}],"about":[{"href":"https:\/\/k2kgame.com\/index.php\/wp-json\/wp\/v2\/types\/product"}],"replies":[{"embeddable":true,"href":"https:\/\/k2kgame.com\/index.php\/wp-json\/wp\/v2\/comments?post=655"}],"wp:featuredmedia":[{"embeddable":true,"href":"https:\/\/k2kgame.com\/index.php\/wp-json\/wp\/v2\/media\/656"}],"wp:attachment":[{"href":"https:\/\/k2kgame.com\/index.php\/wp-json\/wp\/v2\/media?parent=655"}],"wp:term":[{"taxonomy":"product_brand","embeddable":true,"href":"https:\/\/k2kgame.com\/index.php\/wp-json\/wp\/v2\/product_brand?post=655"},{"taxonomy":"product_cat","embeddable":true,"href":"https:\/\/k2kgame.com\/index.php\/wp-json\/wp\/v2\/product_cat?post=655"},{"taxonomy":"product_tag","embeddable":true,"href":"https:\/\/k2kgame.com\/index.php\/wp-json\/wp\/v2\/product_tag?post=655"}],"curies":[{"name":"wp","href":"https:\/\/api.w.org\/{rel}","templated":true}]}}