{"id":492,"date":"2025-08-06T18:07:01","date_gmt":"2025-08-06T18:07:01","guid":{"rendered":"https:\/\/k2kgame.com\/?post_type=product&#038;p=492"},"modified":"2025-12-26T00:07:42","modified_gmt":"2025-12-26T00:07:42","slug":"ballas-records-fivem-gang-headquarters-mlo","status":"publish","type":"product","link":"https:\/\/k2kgame.com\/index.php\/produs\/ballas-records-fivem-gang-headquarters-mlo\/","title":{"rendered":"Ballas Records  | FiveM Gang Headquarters MLO"},"content":{"rendered":"<h4 data-start=\"308\" data-end=\"325\">Descriere:<\/h4>\n<p data-start=\"326\" data-end=\"591\"><strong data-start=\"326\" data-end=\"344\">BallasRecords3<\/strong> este un MLO dedicat bandei Ballas, oferind un spa\u021biu generos \u0219i detaliat pentru rolul de HQ pe serverele FiveM. Cu un design urban \u0219i atmosfer\u0103 autentic\u0103, aceast\u0103 loca\u021bie este ideal\u0103 pentru \u00eent\u00e2lniri de gang, planific\u0103ri strategice \u0219i depozitare.<\/p>\n<p data-start=\"593\" data-end=\"914\">\ud83c\udfe2 Interior cu birouri, camere de relaxare, spa\u021bii pentru depozit \u0219i zone de \u00eent\u00e2lnire<br data-start=\"679\" data-end=\"682\" \/>\ud83c\udfa8 Decor specific bandei Ballas \u2013 graffiti, culori \u0219i simboluri reprezentative<br data-start=\"760\" data-end=\"763\" \/>\ud83d\udd12 Sistem de acces pentru membrii bandei \u0219i securitate intern\u0103<br data-start=\"825\" data-end=\"828\" \/>\u2699\ufe0f Optimizat pentru performan\u021b\u0103 \u0219i compatibil cu scripturi de fac\u021biuni sau turf wars<\/p>\n","protected":false},"excerpt":{"rendered":"<p>Descriere: BallasRecords3 este un MLO dedicat bandei Ballas, oferind un spa\u021biu generos \u0219i detaliat pentru rolul de HQ pe serverele FiveM. Cu un design urban \u0219i atmosfer\u0103 autentic\u0103, aceast\u0103 loca\u021bie este ideal\u0103 pentru \u00eent\u00e2lniri de gang, planific\u0103ri strategice \u0219i depozitare. \ud83c\udfe2 Interior cu birouri, camere de relaxare, spa\u021bii pentru depozit \u0219i zone de \u00eent\u00e2lnire\ud83c\udfa8 Decor [&hellip;]<\/p>\n","protected":false},"featured_media":493,"comment_status":"open","ping_status":"closed","template":"","meta":[],"product_brand":[],"product_cat":[79],"product_tag":[],"class_list":{"0":"post-492","1":"product","2":"type-product","3":"status-publish","4":"has-post-thumbnail","6":"product_cat-mapping-fivem","8":"first","9":"instock","10":"shipping-taxable","11":"purchasable","12":"product-type-simple"},"yoast_head":"<!-- This site is optimized with the Yoast SEO plugin v25.5 - https:\/\/yoast.com\/wordpress\/plugins\/seo\/ -->\n<title>Ballas Records | FiveM Gang Headquarters MLO - K2KGAME<\/title>\n<meta name=\"robots\" content=\"index, follow, max-snippet:-1, max-image-preview:large, max-video-preview:-1\" \/>\n<link rel=\"canonical\" href=\"https:\/\/k2kgame.com\/index.php\/produs\/ballas-records-fivem-gang-headquarters-mlo\/\" \/>\n<meta property=\"og:locale\" content=\"ro_RO\" \/>\n<meta property=\"og:type\" content=\"article\" \/>\n<meta property=\"og:title\" content=\"Ballas Records | FiveM Gang Headquarters MLO - K2KGAME\" \/>\n<meta property=\"og:description\" content=\"Descriere: BallasRecords3 este un MLO dedicat bandei Ballas, oferind un spa\u021biu generos \u0219i detaliat pentru rolul de HQ pe serverele FiveM. Cu un design urban \u0219i atmosfer\u0103 autentic\u0103, aceast\u0103 loca\u021bie este ideal\u0103 pentru \u00eent\u00e2lniri de gang, planific\u0103ri strategice \u0219i depozitare. \ud83c\udfe2 Interior cu birouri, camere de relaxare, spa\u021bii pentru depozit \u0219i zone de \u00eent\u00e2lnire\ud83c\udfa8 Decor [&hellip;]\" \/>\n<meta property=\"og:url\" content=\"https:\/\/k2kgame.com\/index.php\/produs\/ballas-records-fivem-gang-headquarters-mlo\/\" \/>\n<meta property=\"og:site_name\" content=\"K2KGAME\" \/>\n<meta property=\"article:modified_time\" content=\"2025-12-26T00:07:42+00:00\" \/>\n<meta property=\"og:image\" content=\"https:\/\/k2kgame.com\/wp-content\/uploads\/2025\/08\/BallasRecords1.jpg\" \/>\n\t<meta property=\"og:image:width\" content=\"1280\" \/>\n\t<meta property=\"og:image:height\" content=\"720\" \/>\n\t<meta property=\"og:image:type\" content=\"image\/jpeg\" \/>\n<meta name=\"twitter:card\" content=\"summary_large_image\" \/>\n<meta name=\"twitter:label1\" content=\"Timp estimat pentru citire\" \/>\n\t<meta name=\"twitter:data1\" content=\"1 minut\" \/>\n<script type=\"application\/ld+json\" class=\"yoast-schema-graph\">{\"@context\":\"https:\/\/schema.org\",\"@graph\":[{\"@type\":\"WebPage\",\"@id\":\"https:\/\/k2kgame.com\/index.php\/produs\/ballas-records-fivem-gang-headquarters-mlo\/\",\"url\":\"https:\/\/k2kgame.com\/index.php\/produs\/ballas-records-fivem-gang-headquarters-mlo\/\",\"name\":\"Ballas Records | FiveM Gang Headquarters MLO - K2KGAME\",\"isPartOf\":{\"@id\":\"https:\/\/k2kgame.com\/#website\"},\"primaryImageOfPage\":{\"@id\":\"https:\/\/k2kgame.com\/index.php\/produs\/ballas-records-fivem-gang-headquarters-mlo\/#primaryimage\"},\"image\":{\"@id\":\"https:\/\/k2kgame.com\/index.php\/produs\/ballas-records-fivem-gang-headquarters-mlo\/#primaryimage\"},\"thumbnailUrl\":\"https:\/\/k2kgame.com\/wp-content\/uploads\/2025\/08\/BallasRecords1.jpg\",\"datePublished\":\"2025-08-06T18:07:01+00:00\",\"dateModified\":\"2025-12-26T00:07:42+00:00\",\"breadcrumb\":{\"@id\":\"https:\/\/k2kgame.com\/index.php\/produs\/ballas-records-fivem-gang-headquarters-mlo\/#breadcrumb\"},\"inLanguage\":\"ro-RO\",\"potentialAction\":[{\"@type\":\"ReadAction\",\"target\":[\"https:\/\/k2kgame.com\/index.php\/produs\/ballas-records-fivem-gang-headquarters-mlo\/\"]}]},{\"@type\":\"ImageObject\",\"inLanguage\":\"ro-RO\",\"@id\":\"https:\/\/k2kgame.com\/index.php\/produs\/ballas-records-fivem-gang-headquarters-mlo\/#primaryimage\",\"url\":\"https:\/\/k2kgame.com\/wp-content\/uploads\/2025\/08\/BallasRecords1.jpg\",\"contentUrl\":\"https:\/\/k2kgame.com\/wp-content\/uploads\/2025\/08\/BallasRecords1.jpg\",\"width\":1280,\"height\":720},{\"@type\":\"BreadcrumbList\",\"@id\":\"https:\/\/k2kgame.com\/index.php\/produs\/ballas-records-fivem-gang-headquarters-mlo\/#breadcrumb\",\"itemListElement\":[{\"@type\":\"ListItem\",\"position\":1,\"name\":\"Prima pagin\u0103\",\"item\":\"https:\/\/k2kgame.com\/\"},{\"@type\":\"ListItem\",\"position\":2,\"name\":\"Magazin\",\"item\":\"https:\/\/k2kgame.com\/\"},{\"@type\":\"ListItem\",\"position\":3,\"name\":\"Ballas Records | FiveM Gang Headquarters MLO\"}]},{\"@type\":\"WebSite\",\"@id\":\"https:\/\/k2kgame.com\/#website\",\"url\":\"https:\/\/k2kgame.com\/\",\"name\":\"K2KGAME\",\"description\":\"SERVERE SI JOCURI IEFTINE\",\"publisher\":{\"@id\":\"https:\/\/k2kgame.com\/#organization\"},\"potentialAction\":[{\"@type\":\"SearchAction\",\"target\":{\"@type\":\"EntryPoint\",\"urlTemplate\":\"https:\/\/k2kgame.com\/?s={search_term_string}\"},\"query-input\":{\"@type\":\"PropertyValueSpecification\",\"valueRequired\":true,\"valueName\":\"search_term_string\"}}],\"inLanguage\":\"ro-RO\"},{\"@type\":\"Organization\",\"@id\":\"https:\/\/k2kgame.com\/#organization\",\"name\":\"K2KGAME\",\"url\":\"https:\/\/k2kgame.com\/\",\"logo\":{\"@type\":\"ImageObject\",\"inLanguage\":\"ro-RO\",\"@id\":\"https:\/\/k2kgame.com\/#\/schema\/logo\/image\/\",\"url\":\"https:\/\/k2kgame.com\/wp-content\/uploads\/2025\/05\/FiveM-Symbol-scaled.png\",\"contentUrl\":\"https:\/\/k2kgame.com\/wp-content\/uploads\/2025\/05\/FiveM-Symbol-scaled.png\",\"width\":2560,\"height\":1440,\"caption\":\"K2KGAME\"},\"image\":{\"@id\":\"https:\/\/k2kgame.com\/#\/schema\/logo\/image\/\"}}]}<\/script>\n<!-- \/ Yoast SEO plugin. -->","yoast_head_json":{"title":"Ballas Records | FiveM Gang Headquarters MLO - K2KGAME","robots":{"index":"index","follow":"follow","max-snippet":"max-snippet:-1","max-image-preview":"max-image-preview:large","max-video-preview":"max-video-preview:-1"},"canonical":"https:\/\/k2kgame.com\/index.php\/produs\/ballas-records-fivem-gang-headquarters-mlo\/","og_locale":"ro_RO","og_type":"article","og_title":"Ballas Records | FiveM Gang Headquarters MLO - K2KGAME","og_description":"Descriere: BallasRecords3 este un MLO dedicat bandei Ballas, oferind un spa\u021biu generos \u0219i detaliat pentru rolul de HQ pe serverele FiveM. Cu un design urban \u0219i atmosfer\u0103 autentic\u0103, aceast\u0103 loca\u021bie este ideal\u0103 pentru \u00eent\u00e2lniri de gang, planific\u0103ri strategice \u0219i depozitare. \ud83c\udfe2 Interior cu birouri, camere de relaxare, spa\u021bii pentru depozit \u0219i zone de \u00eent\u00e2lnire\ud83c\udfa8 Decor [&hellip;]","og_url":"https:\/\/k2kgame.com\/index.php\/produs\/ballas-records-fivem-gang-headquarters-mlo\/","og_site_name":"K2KGAME","article_modified_time":"2025-12-26T00:07:42+00:00","og_image":[{"width":1280,"height":720,"url":"https:\/\/k2kgame.com\/wp-content\/uploads\/2025\/08\/BallasRecords1.jpg","type":"image\/jpeg"}],"twitter_card":"summary_large_image","twitter_misc":{"Timp estimat pentru citire":"1 minut"},"schema":{"@context":"https:\/\/schema.org","@graph":[{"@type":"WebPage","@id":"https:\/\/k2kgame.com\/index.php\/produs\/ballas-records-fivem-gang-headquarters-mlo\/","url":"https:\/\/k2kgame.com\/index.php\/produs\/ballas-records-fivem-gang-headquarters-mlo\/","name":"Ballas Records | FiveM Gang Headquarters MLO - K2KGAME","isPartOf":{"@id":"https:\/\/k2kgame.com\/#website"},"primaryImageOfPage":{"@id":"https:\/\/k2kgame.com\/index.php\/produs\/ballas-records-fivem-gang-headquarters-mlo\/#primaryimage"},"image":{"@id":"https:\/\/k2kgame.com\/index.php\/produs\/ballas-records-fivem-gang-headquarters-mlo\/#primaryimage"},"thumbnailUrl":"https:\/\/k2kgame.com\/wp-content\/uploads\/2025\/08\/BallasRecords1.jpg","datePublished":"2025-08-06T18:07:01+00:00","dateModified":"2025-12-26T00:07:42+00:00","breadcrumb":{"@id":"https:\/\/k2kgame.com\/index.php\/produs\/ballas-records-fivem-gang-headquarters-mlo\/#breadcrumb"},"inLanguage":"ro-RO","potentialAction":[{"@type":"ReadAction","target":["https:\/\/k2kgame.com\/index.php\/produs\/ballas-records-fivem-gang-headquarters-mlo\/"]}]},{"@type":"ImageObject","inLanguage":"ro-RO","@id":"https:\/\/k2kgame.com\/index.php\/produs\/ballas-records-fivem-gang-headquarters-mlo\/#primaryimage","url":"https:\/\/k2kgame.com\/wp-content\/uploads\/2025\/08\/BallasRecords1.jpg","contentUrl":"https:\/\/k2kgame.com\/wp-content\/uploads\/2025\/08\/BallasRecords1.jpg","width":1280,"height":720},{"@type":"BreadcrumbList","@id":"https:\/\/k2kgame.com\/index.php\/produs\/ballas-records-fivem-gang-headquarters-mlo\/#breadcrumb","itemListElement":[{"@type":"ListItem","position":1,"name":"Prima pagin\u0103","item":"https:\/\/k2kgame.com\/"},{"@type":"ListItem","position":2,"name":"Magazin","item":"https:\/\/k2kgame.com\/"},{"@type":"ListItem","position":3,"name":"Ballas Records | FiveM Gang Headquarters MLO"}]},{"@type":"WebSite","@id":"https:\/\/k2kgame.com\/#website","url":"https:\/\/k2kgame.com\/","name":"K2KGAME","description":"SERVERE SI JOCURI IEFTINE","publisher":{"@id":"https:\/\/k2kgame.com\/#organization"},"potentialAction":[{"@type":"SearchAction","target":{"@type":"EntryPoint","urlTemplate":"https:\/\/k2kgame.com\/?s={search_term_string}"},"query-input":{"@type":"PropertyValueSpecification","valueRequired":true,"valueName":"search_term_string"}}],"inLanguage":"ro-RO"},{"@type":"Organization","@id":"https:\/\/k2kgame.com\/#organization","name":"K2KGAME","url":"https:\/\/k2kgame.com\/","logo":{"@type":"ImageObject","inLanguage":"ro-RO","@id":"https:\/\/k2kgame.com\/#\/schema\/logo\/image\/","url":"https:\/\/k2kgame.com\/wp-content\/uploads\/2025\/05\/FiveM-Symbol-scaled.png","contentUrl":"https:\/\/k2kgame.com\/wp-content\/uploads\/2025\/05\/FiveM-Symbol-scaled.png","width":2560,"height":1440,"caption":"K2KGAME"},"image":{"@id":"https:\/\/k2kgame.com\/#\/schema\/logo\/image\/"}}]}},"jetpack_sharing_enabled":true,"_links":{"self":[{"href":"https:\/\/k2kgame.com\/index.php\/wp-json\/wp\/v2\/product\/492","targetHints":{"allow":["GET"]}}],"collection":[{"href":"https:\/\/k2kgame.com\/index.php\/wp-json\/wp\/v2\/product"}],"about":[{"href":"https:\/\/k2kgame.com\/index.php\/wp-json\/wp\/v2\/types\/product"}],"replies":[{"embeddable":true,"href":"https:\/\/k2kgame.com\/index.php\/wp-json\/wp\/v2\/comments?post=492"}],"wp:featuredmedia":[{"embeddable":true,"href":"https:\/\/k2kgame.com\/index.php\/wp-json\/wp\/v2\/media\/493"}],"wp:attachment":[{"href":"https:\/\/k2kgame.com\/index.php\/wp-json\/wp\/v2\/media?parent=492"}],"wp:term":[{"taxonomy":"product_brand","embeddable":true,"href":"https:\/\/k2kgame.com\/index.php\/wp-json\/wp\/v2\/product_brand?post=492"},{"taxonomy":"product_cat","embeddable":true,"href":"https:\/\/k2kgame.com\/index.php\/wp-json\/wp\/v2\/product_cat?post=492"},{"taxonomy":"product_tag","embeddable":true,"href":"https:\/\/k2kgame.com\/index.php\/wp-json\/wp\/v2\/product_tag?post=492"}],"curies":[{"name":"wp","href":"https:\/\/api.w.org\/{rel}","templated":true}]}}