{"id":452,"date":"2025-08-06T17:42:15","date_gmt":"2025-08-06T17:42:15","guid":{"rendered":"https:\/\/k2kgame.com\/?post_type=product&#038;p=452"},"modified":"2025-12-26T00:07:42","modified_gmt":"2025-12-26T00:07:42","slug":"shmannworks-international-airport-fivem-airport-mlo","status":"publish","type":"product","link":"https:\/\/k2kgame.com\/index.php\/produs\/shmannworks-international-airport-fivem-airport-mlo\/","title":{"rendered":"Shmannworks International Airport | FiveM Airport MLO"},"content":{"rendered":"<p data-start=\"239\" data-end=\"323\"><strong data-start=\"239\" data-end=\"323\">Aeroport complet personalizat pentru un roleplay aerian realist \u0219i profesionist!<\/strong><\/p>\n<h4 data-start=\"325\" data-end=\"342\">Descriere:<\/h4>\n<p data-start=\"343\" data-end=\"674\"><strong data-start=\"343\" data-end=\"366\">Shmannworks Airport<\/strong> este un MLO detaliat \u0219i realist al unui aeroport interna\u021bional, conceput special pentru serverele FiveM care doresc s\u0103 implementeze un sistem de zbor, companii aeriene, sau trafic aerian civil \u0219i privat. Fie c\u0103 ai pilo\u021bi, pasageri sau servicii de securitate, acest mapping ofer\u0103 toate facilit\u0103\u021bile necesare.<\/p>\n<p data-start=\"676\" data-end=\"1049\">\ud83d\udeeb Terminal principal cu recep\u021bie, zon\u0103 de check-in \u0219i por\u021bi de \u00eembarcare<br data-start=\"749\" data-end=\"752\" \/>\ud83d\udeec Hangare pentru avioane private \u0219i comerciale<br data-start=\"799\" data-end=\"802\" \/>\ud83d\udd27 Zon\u0103 de \u00eentre\u021binere \u0219i service pentru aeronave<br data-start=\"851\" data-end=\"854\" \/>\ud83d\ude94 Zon\u0103 pentru controlul de securitate \u0219i paz\u0103 aeroportuar\u0103<br data-start=\"913\" data-end=\"916\" \/>\ud83d\uddfa\ufe0f Design modular, compatibil cu diverse zone de pe hart\u0103<br data-start=\"974\" data-end=\"977\" \/>\u2699\ufe0f Optimizat pentru performan\u021b\u0103, f\u0103r\u0103 buguri de coliziune sau FPS drop<\/p>\n","protected":false},"excerpt":{"rendered":"<p>Aeroport complet personalizat pentru un roleplay aerian realist \u0219i profesionist! Descriere: Shmannworks Airport este un MLO detaliat \u0219i realist al unui aeroport interna\u021bional, conceput special pentru serverele FiveM care doresc s\u0103 implementeze un sistem de zbor, companii aeriene, sau trafic aerian civil \u0219i privat. Fie c\u0103 ai pilo\u021bi, pasageri sau servicii de securitate, acest mapping [&hellip;]<\/p>\n","protected":false},"featured_media":457,"comment_status":"open","ping_status":"closed","template":"","meta":[],"product_brand":[],"product_cat":[79],"product_tag":[90,89,81,82],"class_list":{"0":"post-452","1":"product","2":"type-product","3":"status-publish","4":"has-post-thumbnail","6":"product_cat-mapping-fivem","7":"product_tag-aeroport","8":"product_tag-airoport","9":"product_tag-fivem-mapping","10":"product_tag-mapping","12":"first","13":"instock","14":"shipping-taxable","15":"purchasable","16":"product-type-simple"},"yoast_head":"<!-- This site is optimized with the Yoast SEO plugin v25.5 - https:\/\/yoast.com\/wordpress\/plugins\/seo\/ -->\n<title>Shmannworks International Airport | FiveM Airport MLO - K2KGAME<\/title>\n<meta name=\"robots\" content=\"index, follow, max-snippet:-1, max-image-preview:large, max-video-preview:-1\" \/>\n<link rel=\"canonical\" href=\"https:\/\/k2kgame.com\/index.php\/produs\/shmannworks-international-airport-fivem-airport-mlo\/\" \/>\n<meta property=\"og:locale\" content=\"ro_RO\" \/>\n<meta property=\"og:type\" content=\"article\" \/>\n<meta property=\"og:title\" content=\"Shmannworks International Airport | FiveM Airport MLO - K2KGAME\" \/>\n<meta property=\"og:description\" content=\"Aeroport complet personalizat pentru un roleplay aerian realist \u0219i profesionist! Descriere: Shmannworks Airport este un MLO detaliat \u0219i realist al unui aeroport interna\u021bional, conceput special pentru serverele FiveM care doresc s\u0103 implementeze un sistem de zbor, companii aeriene, sau trafic aerian civil \u0219i privat. Fie c\u0103 ai pilo\u021bi, pasageri sau servicii de securitate, acest mapping [&hellip;]\" \/>\n<meta property=\"og:url\" content=\"https:\/\/k2kgame.com\/index.php\/produs\/shmannworks-international-airport-fivem-airport-mlo\/\" \/>\n<meta property=\"og:site_name\" content=\"K2KGAME\" \/>\n<meta property=\"article:modified_time\" content=\"2025-12-26T00:07:42+00:00\" \/>\n<meta property=\"og:image\" content=\"https:\/\/k2kgame.com\/wp-content\/uploads\/2025\/08\/Shmannworks_Airport5.jpg\" \/>\n\t<meta property=\"og:image:width\" content=\"1280\" \/>\n\t<meta property=\"og:image:height\" content=\"720\" \/>\n\t<meta property=\"og:image:type\" content=\"image\/jpeg\" \/>\n<meta name=\"twitter:card\" content=\"summary_large_image\" \/>\n<meta name=\"twitter:label1\" content=\"Timp estimat pentru citire\" \/>\n\t<meta name=\"twitter:data1\" content=\"1 minut\" \/>\n<script type=\"application\/ld+json\" class=\"yoast-schema-graph\">{\"@context\":\"https:\/\/schema.org\",\"@graph\":[{\"@type\":\"WebPage\",\"@id\":\"https:\/\/k2kgame.com\/index.php\/produs\/shmannworks-international-airport-fivem-airport-mlo\/\",\"url\":\"https:\/\/k2kgame.com\/index.php\/produs\/shmannworks-international-airport-fivem-airport-mlo\/\",\"name\":\"Shmannworks International Airport | FiveM Airport MLO - K2KGAME\",\"isPartOf\":{\"@id\":\"https:\/\/k2kgame.com\/#website\"},\"primaryImageOfPage\":{\"@id\":\"https:\/\/k2kgame.com\/index.php\/produs\/shmannworks-international-airport-fivem-airport-mlo\/#primaryimage\"},\"image\":{\"@id\":\"https:\/\/k2kgame.com\/index.php\/produs\/shmannworks-international-airport-fivem-airport-mlo\/#primaryimage\"},\"thumbnailUrl\":\"https:\/\/k2kgame.com\/wp-content\/uploads\/2025\/08\/Shmannworks_Airport5.jpg\",\"datePublished\":\"2025-08-06T17:42:15+00:00\",\"dateModified\":\"2025-12-26T00:07:42+00:00\",\"breadcrumb\":{\"@id\":\"https:\/\/k2kgame.com\/index.php\/produs\/shmannworks-international-airport-fivem-airport-mlo\/#breadcrumb\"},\"inLanguage\":\"ro-RO\",\"potentialAction\":[{\"@type\":\"ReadAction\",\"target\":[\"https:\/\/k2kgame.com\/index.php\/produs\/shmannworks-international-airport-fivem-airport-mlo\/\"]}]},{\"@type\":\"ImageObject\",\"inLanguage\":\"ro-RO\",\"@id\":\"https:\/\/k2kgame.com\/index.php\/produs\/shmannworks-international-airport-fivem-airport-mlo\/#primaryimage\",\"url\":\"https:\/\/k2kgame.com\/wp-content\/uploads\/2025\/08\/Shmannworks_Airport5.jpg\",\"contentUrl\":\"https:\/\/k2kgame.com\/wp-content\/uploads\/2025\/08\/Shmannworks_Airport5.jpg\",\"width\":1280,\"height\":720},{\"@type\":\"BreadcrumbList\",\"@id\":\"https:\/\/k2kgame.com\/index.php\/produs\/shmannworks-international-airport-fivem-airport-mlo\/#breadcrumb\",\"itemListElement\":[{\"@type\":\"ListItem\",\"position\":1,\"name\":\"Prima pagin\u0103\",\"item\":\"https:\/\/k2kgame.com\/\"},{\"@type\":\"ListItem\",\"position\":2,\"name\":\"Magazin\",\"item\":\"https:\/\/k2kgame.com\/\"},{\"@type\":\"ListItem\",\"position\":3,\"name\":\"Shmannworks International Airport | FiveM Airport MLO\"}]},{\"@type\":\"WebSite\",\"@id\":\"https:\/\/k2kgame.com\/#website\",\"url\":\"https:\/\/k2kgame.com\/\",\"name\":\"K2KGAME\",\"description\":\"SERVERE SI JOCURI IEFTINE\",\"publisher\":{\"@id\":\"https:\/\/k2kgame.com\/#organization\"},\"potentialAction\":[{\"@type\":\"SearchAction\",\"target\":{\"@type\":\"EntryPoint\",\"urlTemplate\":\"https:\/\/k2kgame.com\/?s={search_term_string}\"},\"query-input\":{\"@type\":\"PropertyValueSpecification\",\"valueRequired\":true,\"valueName\":\"search_term_string\"}}],\"inLanguage\":\"ro-RO\"},{\"@type\":\"Organization\",\"@id\":\"https:\/\/k2kgame.com\/#organization\",\"name\":\"K2KGAME\",\"url\":\"https:\/\/k2kgame.com\/\",\"logo\":{\"@type\":\"ImageObject\",\"inLanguage\":\"ro-RO\",\"@id\":\"https:\/\/k2kgame.com\/#\/schema\/logo\/image\/\",\"url\":\"https:\/\/k2kgame.com\/wp-content\/uploads\/2025\/05\/FiveM-Symbol-scaled.png\",\"contentUrl\":\"https:\/\/k2kgame.com\/wp-content\/uploads\/2025\/05\/FiveM-Symbol-scaled.png\",\"width\":2560,\"height\":1440,\"caption\":\"K2KGAME\"},\"image\":{\"@id\":\"https:\/\/k2kgame.com\/#\/schema\/logo\/image\/\"}}]}<\/script>\n<!-- \/ Yoast SEO plugin. -->","yoast_head_json":{"title":"Shmannworks International Airport | FiveM Airport MLO - K2KGAME","robots":{"index":"index","follow":"follow","max-snippet":"max-snippet:-1","max-image-preview":"max-image-preview:large","max-video-preview":"max-video-preview:-1"},"canonical":"https:\/\/k2kgame.com\/index.php\/produs\/shmannworks-international-airport-fivem-airport-mlo\/","og_locale":"ro_RO","og_type":"article","og_title":"Shmannworks International Airport | FiveM Airport MLO - K2KGAME","og_description":"Aeroport complet personalizat pentru un roleplay aerian realist \u0219i profesionist! Descriere: Shmannworks Airport este un MLO detaliat \u0219i realist al unui aeroport interna\u021bional, conceput special pentru serverele FiveM care doresc s\u0103 implementeze un sistem de zbor, companii aeriene, sau trafic aerian civil \u0219i privat. Fie c\u0103 ai pilo\u021bi, pasageri sau servicii de securitate, acest mapping [&hellip;]","og_url":"https:\/\/k2kgame.com\/index.php\/produs\/shmannworks-international-airport-fivem-airport-mlo\/","og_site_name":"K2KGAME","article_modified_time":"2025-12-26T00:07:42+00:00","og_image":[{"width":1280,"height":720,"url":"https:\/\/k2kgame.com\/wp-content\/uploads\/2025\/08\/Shmannworks_Airport5.jpg","type":"image\/jpeg"}],"twitter_card":"summary_large_image","twitter_misc":{"Timp estimat pentru citire":"1 minut"},"schema":{"@context":"https:\/\/schema.org","@graph":[{"@type":"WebPage","@id":"https:\/\/k2kgame.com\/index.php\/produs\/shmannworks-international-airport-fivem-airport-mlo\/","url":"https:\/\/k2kgame.com\/index.php\/produs\/shmannworks-international-airport-fivem-airport-mlo\/","name":"Shmannworks International Airport | FiveM Airport MLO - K2KGAME","isPartOf":{"@id":"https:\/\/k2kgame.com\/#website"},"primaryImageOfPage":{"@id":"https:\/\/k2kgame.com\/index.php\/produs\/shmannworks-international-airport-fivem-airport-mlo\/#primaryimage"},"image":{"@id":"https:\/\/k2kgame.com\/index.php\/produs\/shmannworks-international-airport-fivem-airport-mlo\/#primaryimage"},"thumbnailUrl":"https:\/\/k2kgame.com\/wp-content\/uploads\/2025\/08\/Shmannworks_Airport5.jpg","datePublished":"2025-08-06T17:42:15+00:00","dateModified":"2025-12-26T00:07:42+00:00","breadcrumb":{"@id":"https:\/\/k2kgame.com\/index.php\/produs\/shmannworks-international-airport-fivem-airport-mlo\/#breadcrumb"},"inLanguage":"ro-RO","potentialAction":[{"@type":"ReadAction","target":["https:\/\/k2kgame.com\/index.php\/produs\/shmannworks-international-airport-fivem-airport-mlo\/"]}]},{"@type":"ImageObject","inLanguage":"ro-RO","@id":"https:\/\/k2kgame.com\/index.php\/produs\/shmannworks-international-airport-fivem-airport-mlo\/#primaryimage","url":"https:\/\/k2kgame.com\/wp-content\/uploads\/2025\/08\/Shmannworks_Airport5.jpg","contentUrl":"https:\/\/k2kgame.com\/wp-content\/uploads\/2025\/08\/Shmannworks_Airport5.jpg","width":1280,"height":720},{"@type":"BreadcrumbList","@id":"https:\/\/k2kgame.com\/index.php\/produs\/shmannworks-international-airport-fivem-airport-mlo\/#breadcrumb","itemListElement":[{"@type":"ListItem","position":1,"name":"Prima pagin\u0103","item":"https:\/\/k2kgame.com\/"},{"@type":"ListItem","position":2,"name":"Magazin","item":"https:\/\/k2kgame.com\/"},{"@type":"ListItem","position":3,"name":"Shmannworks International Airport | FiveM Airport MLO"}]},{"@type":"WebSite","@id":"https:\/\/k2kgame.com\/#website","url":"https:\/\/k2kgame.com\/","name":"K2KGAME","description":"SERVERE SI JOCURI IEFTINE","publisher":{"@id":"https:\/\/k2kgame.com\/#organization"},"potentialAction":[{"@type":"SearchAction","target":{"@type":"EntryPoint","urlTemplate":"https:\/\/k2kgame.com\/?s={search_term_string}"},"query-input":{"@type":"PropertyValueSpecification","valueRequired":true,"valueName":"search_term_string"}}],"inLanguage":"ro-RO"},{"@type":"Organization","@id":"https:\/\/k2kgame.com\/#organization","name":"K2KGAME","url":"https:\/\/k2kgame.com\/","logo":{"@type":"ImageObject","inLanguage":"ro-RO","@id":"https:\/\/k2kgame.com\/#\/schema\/logo\/image\/","url":"https:\/\/k2kgame.com\/wp-content\/uploads\/2025\/05\/FiveM-Symbol-scaled.png","contentUrl":"https:\/\/k2kgame.com\/wp-content\/uploads\/2025\/05\/FiveM-Symbol-scaled.png","width":2560,"height":1440,"caption":"K2KGAME"},"image":{"@id":"https:\/\/k2kgame.com\/#\/schema\/logo\/image\/"}}]}},"jetpack_sharing_enabled":true,"_links":{"self":[{"href":"https:\/\/k2kgame.com\/index.php\/wp-json\/wp\/v2\/product\/452","targetHints":{"allow":["GET"]}}],"collection":[{"href":"https:\/\/k2kgame.com\/index.php\/wp-json\/wp\/v2\/product"}],"about":[{"href":"https:\/\/k2kgame.com\/index.php\/wp-json\/wp\/v2\/types\/product"}],"replies":[{"embeddable":true,"href":"https:\/\/k2kgame.com\/index.php\/wp-json\/wp\/v2\/comments?post=452"}],"wp:featuredmedia":[{"embeddable":true,"href":"https:\/\/k2kgame.com\/index.php\/wp-json\/wp\/v2\/media\/457"}],"wp:attachment":[{"href":"https:\/\/k2kgame.com\/index.php\/wp-json\/wp\/v2\/media?parent=452"}],"wp:term":[{"taxonomy":"product_brand","embeddable":true,"href":"https:\/\/k2kgame.com\/index.php\/wp-json\/wp\/v2\/product_brand?post=452"},{"taxonomy":"product_cat","embeddable":true,"href":"https:\/\/k2kgame.com\/index.php\/wp-json\/wp\/v2\/product_cat?post=452"},{"taxonomy":"product_tag","embeddable":true,"href":"https:\/\/k2kgame.com\/index.php\/wp-json\/wp\/v2\/product_tag?post=452"}],"curies":[{"name":"wp","href":"https:\/\/api.w.org\/{rel}","templated":true}]}}